 and 6348.
12
What is the highest common divisor of 27227 and 1957?
19
What is the highest common divisor of 10 and 1695830?
10
What is the highest common divisor of 99468 and 1296?
324
Calculate the highest common factor of 13185 and 4102.
293
Calculate the highest common factor of 4356 and 3872.
484
What is the greatest common factor of 15162 and 567?
21
What is the greatest common divisor of 14545 and 65?
5
What is the greatest common factor of 864 and 112356?
36
What is the greatest common divisor of 1104 and 1200?
48
What is the highest common divisor of 2499 and 94911?
51
Calculate the greatest common factor of 2964 and 3432.
156
What is the greatest common divisor of 496746 and 9?
9
Calculate the highest common factor of 42280 and 280.
280
What is the highest common divisor of 5054 and 5586?
266
Calculate the greatest common divisor of 146160 and 1296.
144
What is the highest common factor of 726 and 5898750?
726
What is the greatest common divisor of 1347 and 1302549?
1347
What is the greatest common factor of 4984362 and 383?
383
What is the greatest common factor of 2794007 and 479?
479
What is the greatest common factor of 47 and 101?
1
Calculate the highest common factor of 2112 and 16005.
33
What is the greatest common factor of 110334 and 12?
6
Calculate the greatest common divisor of 3180 and 2880.
60
What is the greatest common factor of 1340295 and 22?
11
What is the greatest common divisor of 10500 and 13020?
420
Calculate the highest common factor of 8 and 242024.
8
What is the greatest common divisor of 306765 and 15?
15
Calculate the highest common divisor of 314 and 783901.
157
Calculate the greatest common factor of 485 and 28033.
97
What is the highest common divisor of 135 and 790?
5
Calculate the greatest common factor of 241 and 532369.
241
What is the highest common divisor of 220 and 10060?
20
What is the greatest common divisor of 76735 and 1043?
149
Calculate the highest common divisor of 42545 and 15075.
335
Calculate the greatest common divisor of 12711 and 27.
3
What is the greatest common factor of 23460 and 1610?
230
What is the greatest common factor of 4440 and 23532?
444
What is the greatest common divisor of 924 and 1230012?
84
What is the greatest common factor of 74361 and 84?
21
Calculate the greatest common divisor of 1300 and 14.
2
What is the highest common factor of 1039 and 926788?
1039
Calculate the highest common factor of 46450 and 60.
10
What is the greatest common factor of 48 and 3006?
6
What is the greatest common factor of 516 and 805304?
172
What is the highest common factor of 9000 and 2448?
72
Calculate the greatest common factor of 200 and 95536.
8
Calculate the greatest common divisor of 42 and 951438.
6
What is the greatest common divisor of 2893 and 107304?
263
Calculate the highest common divisor of 576 and 30656.
64
Calculate the greatest common divisor of 165645 and 2997.
81
Calculate the highest common factor of 1220 and 159140.
20
Calculate the greatest common factor of 10058 and 20492.
94
What is the greatest common divisor of 233623 and 481?
13
What is the greatest common divisor of 33445 and 40?
5
Calculate the greatest common factor of 162597 and 2739.
249
Calculate the highest common factor of 525 and 5950.
175
Calculate the greatest common factor of 11045 and 65.
5
What is the greatest common divisor of 2880 and 8190?
90
Calculate the greatest common factor of 4335 and 1479.
51
What is the highest common factor of 7304 and 920?
8
What is the greatest common factor of 106 and 8215?
53
Calculate the highest common divisor of 1442 and 1638.
14
What is the greatest common divisor of 10391 and 2?
1
What is the greatest common factor of 15000 and 975?
75
Calculate the highest common divisor of 100989 and 3087.
441
What is the highest common factor of 653 and 9440421?
653
Calculate the greatest common divisor of 232 and 1343860.
116
Calculate the highest common factor of 155876 and 4788.
532
What is the greatest common divisor of 259 and 13172?
37
Calculate the highest common divisor of 626 and 506747.
313
What is the greatest common factor of 75996 and 9?
9
What is the highest common factor of 44415 and 696465?
945
Calculate the greatest common factor of 8275 and 107906.
331
Calculate the highest common factor of 88 and 2849.
11
Calculate the greatest common factor of 20 and 8530.
10
What is the greatest common divisor of 7161 and 5775?
231
Calculate the greatest common factor of 11970 and 4335.
15
Calculate the greatest common factor of 4761 and 897.
69
Calculate the highest common factor of 2626 and 2782.
26
Calculate the greatest common factor of 4650 and 34410.
930
What is the greatest common factor of 694530 and 126?
18
Calculate the greatest common factor of 679845 and 2745.
915
What is the highest common divisor of 44905 and 1085?
35
What is the highest common divisor of 225052 and 8?
4
What is the highest common divisor of 17196 and 72?
12
Calculate the highest common factor of 327912 and 312.
312
Calculate the highest common divisor of 66756 and 1812.
12
What is the highest common factor of 102048 and 392?
8
Calculate the greatest common divisor of 500 and 102125.
125
Calculate the greatest common divisor of 2198 and 8498.
14
Calculate the greatest common factor of 7293 and 1632.
51
What is the highest common factor of 1214725 and 50?
25
Calculate the highest common factor of 221 and 721357.
13
Calculate the greatest common factor of 387 and 65919.
129
Calculate the highest common divisor of 4711 and 679.
7
What is the highest common factor of 10632832 and 28?
28
Calculate the highest common factor of 7484 and 188.
4
What is the greatest common factor of 178020 and 11270?
230
Calculate the highest common factor of 118280 and 40.
40
What is the greatest common factor of 6 and 16258?
2
Calculate the greatest common divisor of 4984 and 2072.
56
What is the greatest common divisor of 14399 and 242?
121
What is the greatest common divisor of 129 and 218913?
129
Calculate the greatest common factor of 864 and 2144.
32
What is the greatest common factor of 7965 and 132219?
1593
What is the highest common divisor of 80064 and 6080?
64
Calculate the greatest common factor of 33 and 98560.
11
Calculate the greatest common factor of 5 and 171745.
5
What is the highest common divisor of 39346 and 9550?
382
Calculate the highest common divisor of 484632 and 576.
72
What is the highest common divisor of 480 and 621440?
160
Calculate the greatest common divisor of 12053 and 119.
17
What is the highest common factor of 312 and 90042?
6
Calculate the highest common factor of 1065 and 14200.
355
Calculate the highest common factor of 310 and 1090.
10
What is the greatest common factor of 115 and 2194039?
23
What is the greatest common divisor of 6328 and 2968?
56
Calculate the highest common factor of 441 and 9037.
7
Calculate the greatest common factor of 120 and 52350.
30
Calculate the highest common factor of 110814 and 1752.
438
Calculate the highest common factor of 5076 and 46548.
108
What is the highest common divisor of 19 and 2859?
1
Calculate the greatest common divisor of 528 and 493560.
24
Calculate the greatest common factor of 480602 and 82.
82
Calculate the highest common divisor of 30430 and 51.
17
Calculate the greatest common divisor of 1001964 and 24.
12
What is the greatest common divisor of 376008 and 24?
24
What is the greatest common divisor of 350 and 466956?
14
What is the greatest common factor of 2535 and 133341?
507
What is the highest common divisor of 663866 and 28?
14
What is the greatest common divisor of 809646 and 276?
138
What is the greatest common divisor of 12 and 472308?
12
Calculate the highest common factor of 10010 and 542542.
2002
What is the highest common divisor of 96135 and 187?
17
What is the highest common factor of 567 and 1070307?
189
Calculate the greatest common divisor of 325316 and 668.
668
What is the highest common factor of 2106 and 1664?
26
Calculate the highest common divisor of 53628 and 5412.
492
Calculate the greatest common divisor of 15 and 405165.
15
What is the greatest common divisor of 4185 and 5235?
15
What is the greatest common divisor of 30 and 138790?
10
Calculate the greatest common divisor of 46737 and 162